{"id":5516,"date":"2018-08-18T19:14:13","date_gmt":"2018-08-18T18:14:13","guid":{"rendered":"http:\/\/www.tlausl.de\/?page_id=5516"},"modified":"2019-06-28T19:40:50","modified_gmt":"2019-06-28T18:40:50","slug":"urban-exploring","status":"publish","type":"page","link":"https:\/\/www.tlausl.de\/?page_id=5516","title":{"rendered":"Urban Exploring"},"content":{"rendered":"<p><strong>Urb<\/strong>an <strong>Ex<\/strong>ploration bzw. <strong>Urb<\/strong>an <strong>Ex<\/strong>ploring (kurz: Urbex\/Urbexing) oder Stadterkundung ist die private Erforschung von Einrichtungen des st\u00e4dtischen Raums und sogenannter Lost Places. Oftmals handelt es sich dabei um das Erkunden alter Industrieruinen, aber auch Kanalisationen, Katakomben, D\u00e4chern oder unzug\u00e4nglicher R\u00e4umlichkeiten ungenutzter Einrichtungen. (Quelle: Wikipedia)<\/p>\n<p>Das fand ich schon immer faszinierend und irgendwann sind wir mal mehr &#8222;durch Zufall&#8220; auf so ein Objekt gestossen und dieses Objekt konnte praktisch durch die Haust\u00fcr betreten werden, was wir auch taten. So entstanden die ersten Bilder, nichts gro\u00dfartiges aber ein Anfang.<\/p>\n","protected":false},"excerpt":{"rendered":"<p>Urban Exploration bzw. Urban Exploring (kurz: Urbex\/Urbexing) oder Stadterkundung ist die private Erforschung von Einrichtungen&hellip;<\/p>\n<p> <a class=\"more-link\" href=\"https:\/\/www.tlausl.de\/?page_id=5516\">Read more<\/a><\/p>\n","protected":false},"author":1,"featured_media":0,"parent":0,"menu_order":0,"comment_status":"closed","ping_status":"closed","template":"","meta":{"footnotes":""},"class_list":["post-5516","page","type-page","status-publish"],"_links":{"self":[{"href":"https:\/\/www.tlausl.de\/index.php?rest_route=\/wp\/v2\/pages\/5516","targetHints":{"allow":["GET"]}}],"collection":[{"href":"https:\/\/www.tlausl.de\/index.php?rest_route=\/wp\/v2\/pages"}],"about":[{"href":"https:\/\/www.tlausl.de\/index.php?rest_route=\/wp\/v2\/types\/page"}],"author":[{"embeddable":true,"href":"https:\/\/www.tlausl.de\/index.php?rest_route=\/wp\/v2\/users\/1"}],"replies":[{"embeddable":true,"href":"https:\/\/www.tlausl.de\/index.php?rest_route=%2Fwp%2Fv2%2Fcomments&post=5516"}],"version-history":[{"count":2,"href":"https:\/\/www.tlausl.de\/index.php?rest_route=\/wp\/v2\/pages\/5516\/revisions"}],"predecessor-version":[{"id":5716,"href":"https:\/\/www.tlausl.de\/index.php?rest_route=\/wp\/v2\/pages\/5516\/revisions\/5716"}],"wp:attachment":[{"href":"https:\/\/www.tlausl.de\/index.php?rest_route=%2Fwp%2Fv2%2Fmedia&parent=5516"}],"curies":[{"name":"wp","href":"https:\/\/api.w.org\/{rel}","templated":true}]}}